- (16 - 26) - 26) + 33
19
What is ((-7 - 8 - -70) + -21 - 27) + (1 - 1)?
7
What is ((-30 - -31) + 1 + 1 - -8) + 4?
15
Evaluate -15 - (-31 - (-61 + 57)).
12
What is the value of -2 - (0 - (-7 - -52)) - (3 - 7 - 0)?
47
16 + (-77 - -55) + (55 - 0)
49
What is -20 - 0 - (20 - (-8 - (-41 + 8)))?
-15
Evaluate 0 + 0 - (29 + -19 + -40).
30
Evaluate (-1 - (-50 + -4)) + (68 - (217 + -126)).
30
What is the value of -12 + 21 + -1 - (-40 + 40)?
8
4 + 2 + -19 + (36 + 9 - 57)
-25
124 + -72 + 13 + -66
-1
-27 + 67 - (22 - (41 - 48))
11
What is the value of -61 + (22 - ((2 - 7) + (-12 - -25)))?
-47
Calculate 92 + -57 + -39 + 18.
14
Calculate -18 + 15 + (-88 + 80 - (1 - 21)) + -76.
-67
Evaluate (-32 - (-12 + -10)) + -28 + 2 + -3 + 9.
-30
What is -23 - 0 - (32 + -54) - (45 - 2)?
-44
Calculate 47 + 22 - (7 - (4 - (1 - -9))).
56
Calculate 13 - (9 - (1 - (49 - 48 - (11 - 0)))).
15
What is 149 - 36 - (-5 - -14 - -22)?
82
(24 - (-1 - (84 + -43))) + -1 + 3
68
Evaluate 8 - (3 + -10 + (86 - 77)).
6
Calculate -1 - (14 + (-73 - (0 + -1 + -10))).
47
What is -6 + ((-12 - -19) + -4 - 34)?
-37
What is (0 - (4 - (20 - 11))) + -51?
-46
What is the value of (-10 - -13) + (112 + -4 + -8 - 0)?
103
Calculate 2 - (12 + 4 + -11 - 6 - -3 - -81).
-81
Calculate -108 - (138 - (171 - 1)).
-76
What is (-15 + 1 - (-278 - -287)) + -30?
-53
(2 - -2) + -3 + -1 - (-72 + 8 + 4)
60
Calculate 9 + (29 - -22) - (1 - -12) - 14.
33
Evaluate -42 + 0 + (-314 - -332).
-24
What is -49 + 3 + ((-11 - 7) + 30 - -1) + -13?
-46
3 - -2 - (3 + 6 + (63 - 64)) - 37
-40
-120 + 68 + -26 - -71
-7
Evaluate 1 - (5 - 3) - (14 + (-26 - 9) + -15).
35
What is -57 + -10 + 48 + 4 + 0 + 62?
47
What is -10 + 1 + 43 + -1 + 630 + -630 + 17?
50
What is the value of (27 - (-15 + 8 + 23)) + 40?
51
What is (-1 - -39) + 0 + (101 - (-80 + 188))?
31
Evaluate -458 + 398 - (1 + -62).
1
What is 14 + (-14 - 2) + 9 + 6 + 2 - 10?
5
Calculate -2 - -11 - (-1 + (0 - -1) + (-1762 - -1772)).
-1
What is -82 + (-35 - -61) + 86?
30
74 + -3 - ((20 - 30 - -8) + -7)
80
What is 11 - (-16 + (4 - 2) - -5)?
20
What is the value of (158 - 119) + (-5 - -5 - 8) + 12?
43
Calculate -25 + (-11 - -12) + 9 + 9 - -6.
0
16170 + -16126 + 1 + -103
-58
Calculate 35 + -70 - (20 - (-7 - -6)).
-56
What is 1 + 14 + (-7 - (-23 - 0))?
31
What is the value of 3 + 39 - (43 - -2 - 19)?
16
87 + -91 + 0 + 2 + 12 - -30
40
What is the value of (0 - -1) + (8 - (32 - (144 + 21)))?
142
-84 - ((-55 - -61) + -51)
-39
26 + -10 + (-5 - -1) + 2 + -56
-42
111 + (327 + -306 - (27 - -1))
104
Evaluate -31 + (15 - (-13 - (-27 - 86))).
-116
What is the value of 7 + (1 - -2) + (101 - (25 + 17 + -44))?
113
2 + -3 + 47 + (2973 - 2998)
21
Calculate -15 - -35 - (185 + (-22 - 13)).
-130
Calculate 0 - 102 - (211 - 125 - 66).
-122
What is the value of (-27 - (5 - 4)) + (656 - 716)?
-88
Calculate (57 - (-132 + 79)) + -64.
46
What is the value of (1 - 136) + (76 - (-5 + 49))?
-103
What is the value of 28 + -57 + (9 - 14)?
-34
-262 + 227 - (1 + -56) - 14
6
What is 0 + 25 + -27 + -132 + 12 + 9 + 1?
-112
Evaluate 1911 + -1849 + (-58 - 3).
1
What is 20 - (15 + (-23 + -25 - 0))?
53
4 + -7 + -8 + (32 - 50 - -19) - 15
-25
Calculate 12 + -22 + 12 + -4 + 100.
98
Calculate 17 + -29 + -21 - (8 + (3 - 5)).
-39
-28 + (57 - 20) + (4 - 57)
-44
Calculate (164 - 200) + (17 - 118) + 21.
-116
What is the value of 54 + -14 - -59 - 23?
76
What is -41 - (-36 - ((-4 - 4) + -5) - -8)?
-26
(51 - (1 - -18)) + -13
19
What is the value of -29 - -2 - (-85 + 11 - 24)?
71
(16 - -4) + -37 + (-21 - 30)
-68
Evaluate (-2 - 2) + 5 + -1 + 4 + (-391 - -349).
-38
Calculate 5643 + -5490 - (-2 - -41).
114
What is the value of (2 - 13 - -78) + (0 - -4) + (-3 - 12)?
56
24 - (-19 + 34) - -140
149
2 - 0 - (13 + 22 + -26 - -16)
-23
(-32 - (3 - 18)) + 4 + 43
30
What is -46 + 18 + 11 + -24?
-41
What is (-18 - (40 - 79)) + (1 - (0 + 2))?
20
What is 6 - (-29 - 23 - -107)?
-49
Evaluate 169 - 33 - 8 - (22 + 12).
94
What is the value of (-98 + 90 - 59) + -46?
-113
Calculate 3 - (-14 + 14 + (10 - 11) - -9).
-5
-10 + -1 + (68 + -34 - 57)
-34
Calculate (14 - (-1 - -7 - (-398 + 501))) + -23.
88
What is the value of -33 + (84 - (-65 - -140)) + -17 + -1?
-42
What is 47 - (28 + (104 - 46))?
-39
What is the value of -1 - (103 + -78) - -133?
107
(-2 - 51) + -1 - (-3617 - -3625)
-62
What is -1 + 4 + 2 - (55 - (2 - (28 - 3)))?
-73
Calculate (6 - 59) + (1 - (2 + 5 + (29 - 26))).
-62
What is 3 + (7 - 18) + 8 + (-80 - (7 - 2))?
-85
Calculate (-5690 - -5626) + (114 - 1).
49
Calculate 38 - 41 - (96 + -2 - (-63 - -62)).
-98
Calculate -12 + (-155 + 0 - 18) - -38.
-147
4 + (5 - 0) + 53 + -65 + 18
15
Evaluate 5 - (-12 + (9 - 8) + 26 + 58).
-68
What is the value of -3 + -2 + (-15 + 18 - -2) + -11 - 28?
-39
Evaluate (1 - 11) + -1 - (31 - (19 + 78)).
55
-129 + (-13 - -55) - -38
-49
What is -5 + -3 + (-7 + 7 - 7) + 8 + 5?
-2
What is the value of (2 - (0 - 5)) + (39 - ((4 - -13) + -20))?
49
Calculate -49 + 17 + -16 + 99.
51
2 + -6 + 2 + -21 + 18
-5
What is -137 + 90 + 38 + (-4 - -17)?
4
Calculate 0 - (-2 - 1) - (-17 + 40 + -11) - 0.
-9
Evaluate -62 + 118 + -57 + (-1 - -4) + 73.
75
Calculate 23 - (39 - 17 - -41).
-40
What is 19 + (-151 - -155) + 3 + -6 + -14?
6
-33 + (48 - 6) - 14
-5
Calculate -1575 + 1482 - (2 + -4 - (-1 - 3) - 15).
-80
Calculate (-10 - (-6 - 2 - -22)) + -30.
-54
What is -6 - (-121 + -35 + 127 - ((-1 - -7) + 0))?
29
Evaluate -17 - (-1 + -103) - (34 + -17) - (-11 - -1).
80
Calculate -42 + (-23 - -15) + (20 - 21 - 3).
-54
Calculate -2379 + 2376 + (-1 + -2 - -6 - 59).
-59
Calculate (-102 + 121 - (5 + -29)) + -179.
-136
Calculate -51 + 13 - -20 - (9 + -31) - 80.
-76
What is the value of -20 - (-1 + -5) - -4 - (-10 + 19)?
-19
Calculate (-6 - -16) + 21 + 5 + -18.
18
Evaluate (-77 - (-173 - -60)) + -22 + 0.
14
Calculate 0 + -38 - ((11 - 18) + 17 + 23 + -22).
-49
Evaluate -1 - (-5 + -2 + (7 - 6 - (1 + 56))).
62
34 - (-2 + -17 + 110)
-57
What is the value of -57 + 1 - ((21 - (48 + -38)) + -2 + 0)?
-65
(-1 - ((-3 - 1) + -2)) + -100 + 222 + -144
-17
Evaluate (14 - (0 + (-4 - 3) + 12)) + (-2 - 1).
6
Calculate -21 + -52 + (160 - 150).
-63
What is the value of (-80 - -78) + -81 - -92?
9
What is the value of -18 + -33 - (13 + -8 - (0 + 16))?
-40
(-14 + -5 + -3 - -13) + 25
16
Calculate 720 + -693 - (0 + -1 - 14).
42
What is -149 + (-252 - -421) + -4 + (-3 - -1 - -2)?
16
Calculate 6437 + -6531 + 2 + 4.
-88
Calculate -87 + 44 - (14 - 55).
-2
Calculate (91 - 77) + (1 - (55 + -1)) + (15 - 11).
-35
Calculate -26 + -53 - -2 - (10 - 7).
-80
What is 1 - (-33 + (46 - 28))?
16
Calculate 3 + -5 - 20 - (-1141 - -1094).
25
What is -507 + 483 - (-2 - 11)?
-11
Calculate -56 + -1 - (2473 + -2615).
85
What is the value of -9 + 21 + 14 + -13?
13
What is the value of -6 - (10 + 3 + -1 + -51) - 2?
31
What is the value of -32 + (13 - 23 - (16 - 35 - -16))?
-39
-58 - (1 - 39 - (-731 - -653))
-98
Evaluate 53 - (0 + 1 - ((-287 - -306) + -8 + -1)).
62
Evaluate -2 - (1 + 27 + -4 + (-25 - -1) + 12).
-14
Evaluate -2 - -17 - (112 + (11 - 15)) - -9.
-84
Calculate -1793 + 1758 - (-1 - 16).
-18
Evaluate -47 - -38 - 2 - -1.
-10
Calculate 16 + 22 + -5 + -11 + -18.
4
What is the value of -8 + (22 - (32 - (-12 - -19)))?
-11
What is the value of -8 - ((13 - (7 + -1)) + -11) - -53?
49
What is the value of 1 + 12 + 10 + (-29 - 15) + 34?
13
What is the value of -27 + -26 - (9 + (2 - (2 + 10)))?
-52
(-53 - -95) + (-8 - (175 - -2))
-143
-1 + -71 + 47 + -4 + -17
-46
What is -2269 + 2245 - (9 + -6 + 71)?
-98
Evaluate -16 + -21 + (28 - -2 - -113).
106
What is 1 + 74 + (-24 - (25 - 22)) + 12 + 23?
83
Evaluate (-7 - (-1 + (-6 - 4))) + 20 + -9.
15
What is 923 + -931 - (-5 + 2 - 84)?
79
-48 + (-155 - -240) + -119 + 1
-81
What is the value of 1 + ((0 - -2) + 0 - (-35 - -117))?
-79
Evaluate (-13 + 14 - 4) + 7 + 1 + 5 + -58.
-48
Evaluate (-74 - 1) + -10986 + 11053.
-8
Evaluate 9 - 36 - (-34 + (44 - 29)).
-8
What is the value of -45 - (-3 - 0 - (7 - (-29 - -34)))?
-40
What is the value of 23 - ((-1 - -15) + (-47 - -2) + 23)?
31
What is the value of 22 - 2 - (-1113 + 1148)?
-15
What is ((-8 - -35) + -20 - -11) + 2?
20
What is the value of (-21 - 0) + (5 - (4 - -31)) + 49?
-2
Calculate (-1 - 11) + (-461 - -480).
7
What is -22 + 21 + 14 - 0 - -21?
34
-39 + (14 - 10) + -10 + (1 - (-2 + 2))
-44
What is (76 - (59 - 1)) + -14?
4
Calcula